pose 3*n = -t*c + n + 267, 0 = -n + w. What are the prime factors of c?
3, 29
Suppose 5*s = -4*g + 260180, 61790 = 3*g + 5*s - 133345. What are the prime factors of g?
5, 13009
Let g(i) = 19*i**2 + 11*i + 60. Let z be g(-14). Suppose -955 = -7*b + z. List the prime factors of b.
5, 131
Suppose -3*v + 54 = 3*w, -5*v + 85 = -0*w + 4*w. Let n = -175 + 286. Suppose 14*j - n = v*j. What are the prime factors of j?
3, 37
Let h(k) = 725*k**2 - 121*k - 581. List the prime factors of h(-5).
18149
Suppose -156*x - 160*x + 308*x = -353016. List the prime factors of x.
3, 4903
Let z(p) = 2540*p**2 - 668*p. What are the prime factors of z(3)?
2, 3, 11, 79
Let v(f) = -2*f**2 + 44*f - 50. Let a be v(20). Suppose -17719 = -a*z - 3529. What are the prime factors of z?
11, 43
Suppose 4*o + 4*t = 3*t + 1342, 4*o = 2*t + 1336. Suppose 3*c - o = -38. What are the prime factors of c?
3, 11
Suppose -66*u + 34*u + 24*u = -76544. List the prime factors of u.
2, 13, 23
Let u(r) = 4466*r**2 - 55*r - 55. List the prime factors of u(-1).
2, 7, 11, 29
Let y = 324 - 322. Suppose -m = 1, 4*w + 3*m - 3779 = y*m. What are the prime factors of w?
3, 5, 7
Suppose -3*m + v = -9793, -5*m + 28*v = 24*v - 16331. What are the prime factors of m?
13, 251
List the prime factors of (-27805877)/(-385) - 4/70.
72223
Let z = -67 + 55. Let l be (-178)/6 + (-8)/z. Let a = l + 63. List the prime factors of a.
2, 17
Let u(g) = 850*g + 13. Suppose 4*y - 13 = 23*t - 22*t, 0 = y - 2*t - 12. What are the prime factors of u(y)?
3, 571
Let f be -3 - (-6 + 4) - 1408/(-2). Let d = 164 + f. List the prime factors of d.
3, 17
Let o = -7 + 17. Suppose 0*m = -5*m + o. Suppose -4*s = 4, -68 = 5*g - m*s - 415. What are the prime factors of g?
3, 23
Suppose -3*i + 114849 = -m, -24*i - 3*m + 38293 = -23*i. What are the prime factors of i?
2, 17, 563
Let r(l) = l - 8. Let y be r(8). Suppose 3*h + 0*h + 3 = y, 3*a + 32891 = 4*h. List the prime factors of (-2)/10 - a/75.
2, 73
Let u(x) = 491*x**2 + 4*x - 8. Let o be u(1). Suppose 3*d = d + 3*v + 221, -3*v + o = 4*d. What are the prime factors of d?
2, 59
Let i(a) = a**3 + 7*a**2 + 9*a + 11. Let d be i(-5). Let m be (-2)/d - (-34)/16. What are the prime factors of 16*m*60/48?
2, 5
Let g = -37985 - -79803. What are the prime factors of g?
2, 7, 29, 103
Let m(g) = 23*g + 5. Let t be m(-1). Let f be 2 - -2 - t/(-6). List the prime factors of 201/f + (1 - 3).
199
Suppose k - 24450 = -65*k - 9*k. Let o = -53 - 130. Let y = o + k. What are the prime factors of y?
11, 13
Let w(p) = -p**3 + 10*p**2 + 32. Suppose -3*t + 2*c = 230, -2*t - 128 = 3*c + 2*c. Let q = t + 84. List the prime factors of w(q).
2
Let c be 20/(-15)*3 - 9/(-1). Suppose -c*z = 3057 - 7892. List the prime factors of z.
967
Let r = -290 - -882. Suppose 588 = -0*l + 2*l - 4*t, 0 = l + 2*t - 310. Let w = r - l. What are the prime factors of w?
2, 5, 29
List the prime factors of 158/4*(210 + -128).
41, 79
Suppose 0 = 5*l + 4*v - 24988, 2*l - v = 4*l - 9997. Suppose 0 = -3*a - 15, 6*h - 3*a + l = 11*h. What are the prime factors of h?
17, 59
Suppose -14 = 5*t - 3*n, 2*n - 5 + 2 = -3*t. List the prime factors of (4970/(-10))/t - 2*1.
3, 5, 11
Let w(f) = 3214*f + 2865. What are the prime factors of w(26)?
7, 12347
Let a(c) = c**3 + 3*c**2 - 2. Let j be a(-2). Let f(s) be the first derivative of 2*s**3/3 + 3*s**2/2 - 5*s - 20. List the prime factors of f(j).
3
Let t(w) = -21*w + 11. Suppose 17 + 1 = -6*o. Let r be o/(45/70) + (-2)/6. What are the prime factors of t(r)?
2, 29
Let m(y) = -y**3 + 87*y**2 - 84*y - 68. What are the prime factors of m(84)?
2, 3511
Suppose 7883 = v - 3*p + 2786, 25419 = 5*v - 4*p. List the prime factors of v.
3, 1693
Let q(h) = 959*h - 3024. List the prime factors of q(85).
7, 11213
Let v(l) = -l**2 - 23*l - 18. Let k = 60 - 48. Suppose k = -3*n + 2*n. What are the prime factors of v(n)?
2, 3, 19
Let b(g) = 1906*g + 5039. List the prime factors of b(13).
3, 3313
Let k = 133 - 130. Suppose k*l - 103 = 446. Suppose 3*t - 3*h - l = 0, 5*t + 4*h - 236 = t. List the prime factors of t.
2, 3, 5
List the prime factors of ((-6 - -257) + -11)*(-15)/(-20).
2, 3, 5
Let k(h) be the second derivative of 4*h**4/3 + h**3/2 - 5*h**2/2 - 114*h. Let z(r) = 3*r - 1. Let s be z(1). What are the prime factors of k(s)?
5, 13
Suppose 3*n = 2*o + 7144, 5*n - 6629 = -o + 5269. Suppose n = 6*m + 556. What are the prime factors of m?
2, 19
Let r(q) = -2*q**3 - 3*q**2 - 5. Let f(y) = y + 5. Let t be f(-8). Let p be r(t). List the prime factors of 2/11 + 1426/p.
5, 13
Let i(x) = 29*x - 25. Let a = -35 - -48. List the prime factors of i(a).
2, 11
List the prime factors of 1923/5*(-22 - -42).
2, 3, 641
Let m = -65634 + 103116. List the prime factors of m.
2, 3, 6247
Suppose -14233 = -5*p - 2*a, 4*p + a - 976 - 10414 = 0. List the prime factors of p.
7, 11, 37
What are the prime factors of (-2029 + 24)*(-189)/7?
3, 5, 401
Let r(k) = 50*k**2 - 7*k - 5. Let l be r(-2). Let s = 571 - l. List the prime factors of s.
2, 181
Let k be (-35)/4*1008/(-180). Suppose y + 3*h - 80 = 0, -3*y + 329 - 61 = -5*h. Let w = y - k. List the prime factors of w.
37
Let r(z) = -2*z**3 - 28*z**2 + 34. Suppose 4*i + 22 = -y, 2*y + 30 = -10*i + 9*i. List the prime factors of r(y).
2, 17
Let u = -187 + 189. Suppose 2*x - 1436 = 2*t, -u*x - 5*t + 448 = -995. List the prime factors of x.
719
Let f(v) = 1609*v**3 + 5*v**2 + 3*v - 2. What are the prime factors of f(2)?
2, 13, 31
Suppose -7 + 29 = 2*q. Let w(y) = -20*y + 2 + q*y - 62*y. List the prime factors of w(-2).
2, 3
What are the prime factors of 40118 - -8*132/96?
40129
Suppose 0 = 64*v - 28*v - 45468. Suppose -3*o = -3*b - 3801, o + 5*b - 4*b - v = 0. List the prime factors of o.
5, 11, 23
Suppose -52*z = -50*z - 10. Suppose 0*x + 2*a + 490 = x, 2450 = z*x + 2*a. Suppose -4*w = -2*s - x, -w - 4*s + s + 126 = 0. List the prime factors of w.
3, 41
Suppose 57*m = 457045 + 227354. What are the prime factors of m?
12007
Let g be (4 - 2 - 1) + 6. Suppose 3*p + 22 = 8*p + 2*m, -p + g = 3*m. Suppose 2*b + 2*z - 49 = 113, b - 96 = -p*z. What are the prime factors of b?
2, 19
Let u = 6 + 21. Suppose 0 = 2*b + h + 13, h - u = 3*b + 5*h. Let z(n) = -8*n + 32. What are the prime factors of z(b)?
2, 3
Let z(h) = -55*h + 45. Let n be z(-13). Suppose -3*x + 16*u - 17*u + n = 0, -2*u = -2*x + 512. List the prime factors of x.
2, 127
Suppose -50038 = -5*p + j - 16343, 4*p - j - 26955 = 0. What are the prime factors of p?
2, 5, 337
Let o(x) = -x**3 + x**2 + 5*x + 2. Let j be ((-37)/(-148))/((-2)/40). What are the prime factors of o(j)?
127
Let s = 3190 + -2712. List the prime factors of s.
2, 239
Let g be (-30)/8*(-12)/9. Suppose v + 3*p = -g, -5*v + 5*p = -2*v + 29. List the prime factors of 48 - (-2)/(v/12).
3, 5
Suppose z = 8*z - 1057. Let h = z - -692. List the prime factors of h.
3, 281
Suppose -4*o + 25 = -r, 0 = o - 3*r + 2. Suppose -3*v + 35 + o = 0. Suppose -j + 53 = v. What are the prime factors of j?
3, 13
Let i be 60/(-6 + 105/14). Suppose i*m - 32 = 32*m. What are the prime factors of m?
2
Let q(a) = a + 9. Let d be q(-4). Let f(b) = 3*b - d + 8 + 0*b + b**2. What are the prime factors of f(4)?
31
Let p = 2754 + -718. List the prime factors of p.
2, 509
List the prime factors of ((-8)/6*1557/16)/(9/(-408)).
2, 17, 173
Let g = 96 + -229. Let v = g - -87. Let q = 51 + v. List the prime factors of q.
5
Suppose 11 = i + 4*d, -i - 3*i = 5*d - 55. Let j be i/(-10) + 675/6 + -1. Suppose 194 = q - j. List the prime factors of q.
2, 19
Let k = 1036 + -534. Let d = -459 + k. What are the prime factors of d?
43
Let o = -66 + 7336. What are the prime factors of o?
2, 5, 727
What are the prime factors of 55662/9*(-26 + 32)?
2, 9277
Let n be 36 - 34 - 3/(6/(-160)). What are the prime factors of n/(2/(4 + 0))?
2, 41
Let u = -10891 + 18757. List the prime factors of u.
2, 3, 19, 23
Let u(v) = 13285*v**2 + 213*v - 213. List the prime factors of u(1).
5, 2657
Let x(l) = 7954*l**3 + 2*l**2 - 12*l + 12. List the prime factors of x(1).
2, 3, 13, 17
Let x = -8244 - -8403. Let o = 449 + -172. Let l = o - x. What are the prime factors of l?
2, 59
Suppose 6*y + 6*y = 230555 - 54275. List the prime factors of y.
2, 5, 13, 113
Suppose 3*k - 19184 = -2*n, 246 = 3*k - 4*n - 18968. What are the prime factors of k?
2, 